 g**3 - 4*g**2 - g - 1. What is t(o)?
19
Let y(x) be the third derivative of 0*x**4 + 1/60*x**5 - x**2 - 38*x + 0 + 1/6*x**3. Calculate y(2).
5
Suppose 19 = -7*s + 12. Let w = s - -7. Let p be 9/21 + 1*w/(-14). Let d(r) = r**2 + 4. What is d(p)?
4
Let p(q) = -3*q**3 - 12*q - 19. Let g(v) = 7*v**3 + 29*v + 46. Let f(z) = 5*g(z) + 12*p(z). Suppose -d = -3*d - 10. Let x be (-2)/d - (-8)/(-20). What is f(x)?
2
Let c(o) be the first derivative of o**4/4 - 13*o**3 - 21*o**2 + 77*o + 908. Determine c(40).
-3
Let c(i) = -5*i**2 + 3*i - 4. Let z(l) = -17*l**2 + 8*l - 13. Let y(o) = -7*c(o) + 2*z(o). What is y(3)?
-4
Let x be 150/4*(4/(-3))/(-2). Let w(t) = -t**3 + 26*t**2 - 21*t + 26. Let g be w(x). Let d = 119 - g. Let n(j) = j**3 + 7*j**2 - j - 10. Determine n(d).
-3
Let d(c) = c**3 - 16*c**2 - 56*c - 8. Let r be 19 - 0 - -1 - (16 + -15). What is d(r)?
11
Suppose -6*r + 2 = -5*r, 64 = 5*b + 2*r. Let h(l) = -l**3 + 12*l**2 - 2*l + 26. Let v be h(b). Let f(p) = p. What is f(v)?
2
Let w(h) be the third derivative of h**6/720 + h**5/24 - h**4/12 + 2*h**3 + 8*h**2 - 2*h. Let a(v) be the second derivative of w(v). Calculate a(-6).
-1
Let q(c) = -c + 0*c - 2 + 1. Suppose 2*y + 5 = -5*h, 0 = -y + 84*h - 83*h - 6. Calculate q(y).
4
Suppose -5*d - 3*x = -x - 54, 5*x = 4*d - 30. Let j be (8/1 + -2)/(15/d). Let f(v) = -1 + 2*v - 7*v + v**2 + 0*v. Give f(j).
-5
Let c(s) = s**3 - 8*s**2 - 8*s - 11. Let y(o) = 7*o**2 - 15*o - o**3 - 2 + 5*o + 17*o + 12. Let v(j) = 3*c(j) + 4*y(j). Calculate v(5).
2
Let z be -4 + (-5)/(5/(-16)). Suppose -4*l = -2*l - z. Let w(t) = -l - 5*t - t**2 + 7*t + 5*t. What is w(4)?
6
Let d(v) = -2*v**3 + v - 1. Let q(o) = 5*o**3 - 10*o**2 + 5*o + 5. Let n(w) = -2*d(w) - q(w). What is n(9)?
15
Let k(d) = -3*d + 1. Let i = -39 + 48. Suppose i*c - 13*c = 8. Calculate k(c).
7
Let r(t) = -16*t - 1. Let b(j) be the third derivative of j**4/4 + 35*j**2. Let s(v) = 11*b(v) + 4*r(v). What is s(4)?
4
Let j be (-2)/(4/2)*-1. Let d(v) = 16*v - 286. Let f(i) = 17*i - 327. Let g(u) = -8*d(u) + 7*f(u). Determine g(j).
-10
Let n(o) = -4*o - 64. Let s be n(-17). Let z(c) = -s - 5 - c + 3 - 11. What is z(0)?
-17
Let c(q) = 4*q**2 + 174*q + 404. Let t be c(-41). Let f(n) = 2*n**2 + 15*n + 4. Determine f(t).
-14
Let w(i) = -2*i**3 - 3*i**2 - 4*i + 8. Suppose 60 = 969*k - 939*k. Give w(k).
-28
Let v(o) = -o**3 + 8*o**2 - 12*o + 5. Suppose -t + 5*t = -3*h + 27, 3 = 3*h. Let x be v(t). Let r(i) = 3*i - 7. What is r(x)?
8
Let j(x) = -x**2 - 2*x + 4. Suppose 3*u = u - l + 54, 5*u - 136 = -3*l. Suppose -5*n = 41 - u. Determine j(n).
1
Suppose 5*j = -2*v + 45, 5*j - 18 = 2*v - 33. Let c(u) = u - 16. Determine c(v).
-1
Let g(s) = s**2 - 10*s + 8. Suppose 8*d - 4 = 12. Suppose 3*y - 59 = -d*v - 3*v, -4*y = 3*v - 42. Determine g(v).
8
Suppose -222*c = -223*c + 20. Let h be (10/c)/(2/24). Let z(m) be the second derivative of m**4/12 - 5*m**3/6 - 2*m**2 - 10*m. Give z(h).
2
Let d(j) = -5235 - 2*j**2 + 5198 + j**2 + 17*j. Calculate d(11).
29
Let s(g) be the second derivative of -g**4/4 - 2*g**3/3 + 3*g**2/2 - 23*g. Suppose -7 - 8 = 3*i - 3*x, x = -2*i - 7. Give s(i).
-29
Let s(z) = -24 + z**2 - 4*z - 12*z**2 - 3*z**2 + 15*z**2. What is s(7)?
-3
Let c(r) be the second derivative of 6*r**3 - 17*r**2 - 2154*r. What is c(1)?
2
Let f(z) = 1125*z + 1126. Let l be f(-1). Let n(v) = 135*v**3 - v**2. What is n(l)?
134
Let j(k) = 49*k**2 + 19*k + 13. Let z(u) = 9*u**2 + 4*u + 3. Let b(g) = 2*j(g) - 11*z(g). Give b(-4).
1
Let f(b) = -b - 8. Suppose 3*n = 3, 9*u - 3 = 5*u - 3*n. Suppose u = 7*p - 2*p - 3*p. Calculate f(p).
-8
Let s(c) = -c**2 + 10*c + 19. Let i(k) = -k**2 + 17*k + 1063. Let q be i(42). What is s(q)?
-20
Suppose s - 22 = 15. Let w = s - 32. Suppose 2*u - 11 = k + 2*k, 2*u - w*k = 9. Let j(l) = -l**3 + 7*l**2 - l + 7. Determine j(u).
0
Let u = -644 - -639. Let l(w) = 11*w**2 - w**3 + 5*w**2 - 30*w**2 + 9*w**2 + w - 3. What is l(u)?
-8
Let h(f) be the second derivative of -f**3/3 + 3*f**2/2 - 1675*f. Give h(-11).
25
Let k(a) be the third derivative of -a**4/6 - a**3/2 + 8*a**2 + 7. Let c = 9 - 9. Suppose 3 = -v - c*v. What is k(v)?
9
Suppose -5*i - 6 = s, 3*i - 5 = s + 7*i. Let w(d) = -7*d**2 - 5*d + 3. Let t(o) = 14*o**2 + 9*o - 5. Let z = 11 + -18. Let j(p) = z*w(p) - 4*t(p). Give j(s).
-7
Let s(h) be the second derivative of h**3/6 + h**2/2 + 104*h + 7. Determine s(-22).
-21
Let d(l) = -66428*l + 132862*l - 97 - 66426*l. Calculate d(11).
-9
Let n = 1 + 6. Let t(j) = 40*j**2 - 29*j - 9. Let o(l) = -9*l**2 + 7*l + 2. Let s(z) = -9*o(z) - 2*t(z). Determine s(n).
14
Let o(h) = -h**3 - h - h + 5*h**2 - 3*h + 5. Let k be o(4). Let j(v) = -959*v. Let w(c) = 1916*c. Let x(f) = -6*j(f) - 3*w(f). Give x(k).
6
Let y(w) be the first derivative of w**3/3 + 11*w**2/2 - 29*w + 494. Give y(-14).
13
Let r(u) be the first derivative of u**4/4 + u**3/3 - 3*u**2/2 + 2*u - 310. Let j = -2 - -4. Determine r(j).
8
Suppose 8*v + 32 = 4*v. Let k(m) = 1003 + m**3 + 2*m**2 - 2016 + m**2 + 1010 + 6*m**2 + 10*m. Calculate k(v).
-19
Let z(n) = -n**2 + 14*n + 28. Let r be z(16). Let c be (-16)/(-6)*(-18)/r. Let y(u) = c*u + 0*u - 2 - 1. Determine y(2).
21
Let i(c) = -75*c + 155*c - 4 - 82*c. Suppose -y = 5*q + 2, 2*q = 4*y - y - 62. Suppose -y = -5*h + t, 2*t = 2*h - 0*t - 12. Calculate i(h).
-10
Suppose 5*q - 3*t - 20 = 0, 200*q - 5*t + 16 = 204*q. Let r(f) = 15*f + 2. Give r(q).
62
Let f be (0 - 0) + (-1 - -1). Let a(m) = 36 - m - 1626*m**3 + 1627*m**3 - 35. What is a(f)?
1
Let t(x) be the second derivative of 1/6*x**4 + 135*x + 1/2*x**3 + 1/20*x**5 + 1/2*x**2 - 2. What is t(-2)?
-5
Let v(r) be the second derivative of r**4/12 + 13*r**3/6 + 19*r**2/2 - 69*r. Give v(-11).
-3
Let l = 237 + -234. Let u(y) = -13*y - l + 29*y - 20*y + y**2. Determine u(4).
-3
Let z = -11 - -16. Let w(c) = 18*c + 22. Let s(q) = 10*q + 17. Let j(g) = -5*s(g) + 3*w(g). Calculate j(z).
1
Let m(c) be the first derivative of -6*c**2 + 4*c - 36. Let b(d) = -9*d + 5. Let x(y) = -2*b(y) + 3*m(y). Calculate x(2).
-34
Let o(d) = -d**2 + 7*d + 1. Let b(u) = -u. Let g(q) = 5*b(q) + o(q). Let y = -241 - -243. Suppose -w = 5*v - 24, -y*w = -7*w + 4*v - 25. What is g(w)?
-2
Let m(p) = 15*p**2 + 8*p - 48566 + 8*p + 48602 + p**3. Calculate m(-14).
8
Let l(z) = 2*z**3 - 8*z**2 - 9*z + 10. Let s = -1075 + 1080. What is l(s)?
15
Let d(o) be the second derivative of -o**5/20 + 13*o**4/12 + 5*o**3/2 + 9*o**2 - 32*o + 31. Give d(14).
32
Let x(s) = -3*s**3 - 13*s**2 + 10*s + 42. Let y(u) = -u**3 - 5*u**2 + 3*u + 13. Let n(v) = -2*x(v) + 7*y(v). Calculate n(-9).
-2
Suppose 5*b = 665 + 1925. Let w = 518 - b. Let i(t) = t - 1 - 3 - 1. Determine i(w).
-5
Let p be -7*((-415)/(-35))/((-4)/(-24)). Let q = -491 - p. Let r(s) be the first derivative of s**4/4 - 7*s**3/3 + s**2/2 - 1. Calculate r(q).
7
Let r(t) = -7*t**2 - 11*t**2 - 1 + 6*t**2. Let k(x) = -x**3 - 4*x**2 + 19*x + 20. Let d be k(-7). Let b = -35 + d. Give r(b).
-13
Let y = 92 - 92. Let b(v) = -v**2 + 0*v**2 - 14*v + y*v**2 + v + v. Determine b(-13).
-13
Let p(a) = -10*a + 7. Let c(t) = 9*t - 5. Let s(b) = -9*b**2 + 2*b + 1. Let i be s(1). Let o(w) = i*p(w) - 7*c(w). Determine o(-7).
14
Let w(y) be the first derivative of -1/2*y**2 - 147 + 4*y - 1/4*y**4 + 8/3*y**3. Determine w(8).
-4
Let j(b) = -20*b - 596. Let p(i) = -17*i - 514. Let w(u) = -6*j(u) + 7*p(u). Suppose -2*s = -9 - 21. What is w(s)?
-7
Let m(u) = u**3 + 3*u**2 - 2*u - 1. Suppose -3*y + 2*a = -12, 14 = 4*y - a - 2. Let f be 105/(-2 + 5) + 1. Suppose -y*o - 5*o - f = 0. What is m(o)?
-9
Let u(q) = -7*q**2 - q + 1. Suppose 3*v = 3*t + 3, t - 310 + 308 = 4*v. Calculate u(v).
-5
Let r(z) = -z**2 - 9*z - 12. Let v be (-2 + 260)*(7/2 + -3). Suppose -112*t + 102 = -v*t. What is r(t)?
6
Let a(w) = -3*w**3 - 2*w**2 + 3*w - 2. Let o(m) = 5*m**3 + 5*m**2 - 6*m + 3. Let i(d) = -7*a(d) - 4*o(d). Let n(g) = -24*g + 173. Let r be n(7). Calculate i(r).
-8
Suppose 0 = 4*t - k - 9, 3 = -3*t - 335*k + 339*k. Let y(x) = -9*x + 30. What is y(t)?
3
Let l(j) = -1 + 3 - 1 + 3*j - 4*j**2. Let f be ((-270)/(-120))/((-4)/(-2)*69/(-184)). Determine l(f).
-44
Let i(f) = -f**2 - 19*f - 28. Let s(m) = -206*m + 2247. Let t be s(11). Determine i(t).
-28
Let y(a) = -33*a**2 - 6*a + 68. Let q(x) = -41*x**2 - 8*x + 69. Let z(b) = -4*q(b) + 5*y(b). What is 